{"id":2,"date":"2016-05-10T03:48:21","date_gmt":"2016-05-10T03:48:21","guid":{"rendered":"http:\/\/rotaseguracargo.com.br\/?page_id=2"},"modified":"2021-01-29T17:49:03","modified_gmt":"2021-01-29T17:49:03","slug":"sample-page","status":"publish","type":"page","link":"https:\/\/rotaseguracargo.com.br\/?page_id=2","title":{"rendered":"Cota\u00e7\u00e3o Online"},"content":{"rendered":"\t\t<div data-elementor-type=\"wp-page\" data-elementor-id=\"2\" class=\"elementor elementor-2\" data-elementor-settings=\"[]\">\n\t\t\t\t\t\t<div class=\"elementor-inner\">\n\t\t\t\t\t\t\t<div class=\"elementor-section-wrap\">\n\t\t\t\t\t\t\t<section class=\"elementor-section elementor-top-section elementor-element elementor-element-493b43a7 elementor-section-boxed elementor-section-height-default elementor-section-height-default\" data-id=\"493b43a7\" data-element_type=\"section\">\n\t\t\t\t\t\t<div class=\"elementor-container elementor-column-gap-default\">\n\t\t\t\t\t\t\t<div class=\"elementor-row\">\n\t\t\t\t\t<div class=\"elementor-column elementor-col-100 elementor-top-column elementor-element elementor-element-16263d79\" data-id=\"16263d79\" data-element_type=\"column\">\n\t\t\t<div class=\"elementor-column-wrap elementor-element-populated\">\n\t\t\t\t\t\t\t<div class=\"elementor-widget-wrap\">\n\t\t\t\t\t\t<div class=\"elementor-element elementor-element-366b5e33 elementor-widget elementor-widget-text-editor\" data-id=\"366b5e33\" data-element_type=\"widget\" data-widget_type=\"text-editor.default\">\n\t\t\t\t<div class=\"elementor-widget-container\">\n\t\t\t\t\t<div class=\"elementor-text-editor elementor-clearfix\"><h1>Quer solicitar uma Cota\u00e7\u00e3o Online conosco?<\/h1><h6>\u00a0<\/h6><pre>Obs: N\u00e3o transportamos cargas perigosas (classificadas) ou mudan\u00e7as.<\/pre><h6>\u00a0<\/h6><h6>\u00a0<\/h6><h6>Envie um email para n\u00f3s comercial@rotaseguracargo.com.br ou <a class=\"contact-info\" href=\"tel:(11) 2356-5487\"><span class=\"title\">(11) 2356-5487<\/span><\/a><\/h6><h6>com as seguintes informa\u00e7\u00f5es<\/h6><p>\u00a0<\/p><div class=\"yola-form-field\"><p class=\"label\"><label for=\"yola_form_widget_I18385472570d4766b61165df26856ed4_0\">Nome:<\/label><\/p><p>Email:<\/p><\/div><div class=\"yola-form-field\"><p>Telefone:<\/p><\/div><div class=\"yola-form-field\"><p>Origem:<\/p><\/div><div class=\"yola-form-field\"><p>Destino:<\/p><\/div><div class=\"yola-form-field\"><p>volume:<\/p><\/div><div class=\"yola-form-field\"><p>Peso:<\/p><\/div><div class=\"yola-form-field\"><p>Altura:<\/p><\/div><div class=\"yola-form-field\"><p>Largura:<\/p><\/div><div class=\"yola-form-field\"><p>Comprimento:<\/p><\/div><div class=\"yola-form-field\"><p class=\"label\">Valor da NF:<\/p><\/div><div class=\"yola-form-field\"><p>\u00a0<\/p><\/div><\/div>\n\t\t\t\t<\/div>\n\t\t\t\t<\/div>\n\t\t\t\t\t\t<\/div>\n\t\t\t\t\t<\/div>\n\t\t<\/div>\n\t\t\t\t\t\t\t\t<\/div>\n\t\t\t\t\t<\/div>\n\t\t<\/section>\n\t\t\t\t\t\t<\/div>\n\t\t\t\t\t\t<\/div>\n\t\t\t\t\t<\/div>\n\t\t","protected":false},"excerpt":{"rendered":"<p>Quer solicitar uma Cota\u00e7\u00e3o Online conosco? &nbsp; Obs: N\u00e3o transportamos cargas perigosas (classificadas) ou mudan\u00e7as. &nbsp; &nbsp; Envie um email para n\u00f3s comercial@rotaseguracargo.com.br ou (11) 2356-5487 com as seguintes informa\u00e7\u00f5es Nome: Email: Telefone: Origem: Destino: volume: Peso: Altura: Largura: Comprimento: Valor da NF:<\/p>\n","protected":false},"author":1,"featured_media":0,"parent":0,"menu_order":0,"comment_status":"closed","ping_status":"open","template":"","meta":[],"_links":{"self":[{"href":"https:\/\/rotaseguracargo.com.br\/index.php?rest_route=\/wp\/v2\/pages\/2"}],"collection":[{"href":"https:\/\/rotaseguracargo.com.br\/index.php?rest_route=\/wp\/v2\/pages"}],"about":[{"href":"https:\/\/rotaseguracargo.com.br\/index.php?rest_route=\/wp\/v2\/types\/page"}],"author":[{"embeddable":true,"href":"https:\/\/rotaseguracargo.com.br\/index.php?rest_route=\/wp\/v2\/users\/1"}],"replies":[{"embeddable":true,"href":"https:\/\/rotaseguracargo.com.br\/index.php?rest_route=%2Fwp%2Fv2%2Fcomments&post=2"}],"version-history":[{"count":22,"href":"https:\/\/rotaseguracargo.com.br\/index.php?rest_route=\/wp\/v2\/pages\/2\/revisions"}],"predecessor-version":[{"id":235,"href":"https:\/\/rotaseguracargo.com.br\/index.php?rest_route=\/wp\/v2\/pages\/2\/revisions\/235"}],"wp:attachment":[{"href":"https:\/\/rotaseguracargo.com.br\/index.php?rest_route=%2Fwp%2Fv2%2Fmedia&parent=2"}],"curies":[{"name":"wp","href":"https:\/\/api.w.org\/{rel}","templated":true}]}}